ctors of ((-66)/(-4))/((-6)/(-12)).
3, 11
Suppose -v - 126 = 5*k, k + k - 2*v + 48 = 0. Let a be 0 - 2 - k - -1. Let z = a + -2. What are the prime factors of z?
2, 11
Let q(w) be the first derivative of -w**3/3 + 4*w**2 - 4*w - 2. Let c be q(6). Let a = -5 + c. What are the prime factors of a?
3
List the prime factors of (-785)/(-25) + 6/10.
2
Let t be (2/(-4)*0)/(-1). Let c = 6 + t. List the prime factors of c.
2, 3
Suppose v - 24 = -s, v - 20 = -0*v + 3*s. List the prime factors of v.
23
Suppose d + 4*d = 0. Suppose -3*q - 90 - 45 = d. What are the prime factors of (-4)/(-18) - 80/q?
2
Let l(v) = 19*v**2 + v - 1. Suppose -j + o = -5, 5*o = -2*j + 4*o - 2. What are the prime factors of l(j)?
19
Suppose 10*l - 215 = 5*l. What are the prime factors of l?
43
Let o = -28 + 54. Suppose 2*i = o - 0. What are the prime factors of i?
13
Suppose -103 = -4*g + 69. What are the prime factors of g?
43
Suppose 464 = 5*p + 3*z, -4*z = 2*p - 114 - 80. What are the prime factors of p?
7, 13
Let y = -102 + 128. What are the prime factors of y?
2, 13
Let t(g) be the first derivative of -g**3/3 + 11*g**2/2 + 13*g - 7. List the prime factors of t(8).
37
Let f = -7 - -4. Let t = 6 + f. Suppose 0 = -u + 2 - 4, -k = -t*u - 11. What are the prime factors of k?
5
Let s = -23 - -34. Let a = -1 + 5. Let j = s - a. List the prime factors of j.
7
Suppose 4*x + 227 = 3*j - 23, 4*j = -5*x + 292. What are the prime factors of j?
2, 3, 13
Let a(k) = -2*k - 2 + 0*k - 2. Let c = 3 + -7. What are the prime factors of a(c)?
2
Let l = 5 - 5. Suppose k - 14 = -l*k. What are the prime factors of k?
2, 7
Let o = 59 + 12. List the prime factors of o.
71
Let i be 211/(-4) + 1/(-4). Let l = -37 - i. Suppose 3*y - l = -y. What are the prime factors of y?
2
Suppose u = 2*u - 2. Suppose u*l = 5*t + 3*l - 107, 5*l + 95 = 5*t. List the prime factors of t.
3, 7
Let b(n) = n**2 + 7*n + 2. Let g be b(-7). Suppose 4*c - 36 = 4*m, -g*c = -c + 3*m + 7. What are the prime factors of c?
5
Let x = 15 + 67. Suppose x = 3*t + s + 4*s, -3*t + 77 = 4*s. What are the prime factors of t?
19
Suppose 0 = 4*c - 3 - 5. Suppose h - 18 = c*h. Let x = 30 + h. List the prime factors of x.
2, 3
Suppose -2*q = -4*h - 34, -h - 3*q + 8 = -1. Let w be (2/2)/((-2)/h). Suppose -w*i + 41 = -b, -8*b - 25 = -3*b. What are the prime factors of i?
2, 3
Suppose 2*a - 208 = -5*c, -380 = -4*a - 0*c - c. List the prime factors of a.
2, 47
Suppose -31 + 4 = -3*m. Let d be ((-24)/(-9))/(6/m). Suppose -2 = d*v + 2, -4*h + 4*v = -36. What are the prime factors of h?
2
Suppose 4*r = -122 + 26. Let o = r - -37. List the prime factors of o.
13
Let y(d) = -2*d**2 + 0 - 3*d**2 + 4 + 6*d - d**3. Let b be (105/18 + (-2)/(-12))*-1. List the prime factors of y(b).
2
Let x = 337 - 91. What are the prime factors of x?
2, 3, 41
Let q(s) be the second derivative of 7*s**3/6 - s**2/2 - 6*s. What are the prime factors of q(4)?
3
What are the prime factors of (-14 - -218) + (1 - -2)?
3, 23
Let s = -322 + 484. Let w = s + -89. Suppose 0 = -4*t + 3*b - 9 + w, 2*t - 14 = -3*b. What are the prime factors of t?
13
Suppose -4*j = -t + 5*t - 828, -t = -1. What are the prime factors of j?
2, 103
Suppose 4*y - 512 = -112. Suppose 0*i + 4*i = y. List the prime factors of i.
5
Suppose -2*m - 3*m - 5*c = 0, 5*m - 3 = -4*c. Suppose 56 = m*f + 2*a + 3*a, 5*f = -4*a + 102. List the prime factors of f.
2, 11
Let q(x) = 2*x - 6. Suppose 3*z - 12 = -z. Let c(p) = -1. Let o(j) = z*c(j) - q(j). What are the prime factors of o(-3)?
3
Suppose -2*b - 2*u = -20, -u = -4*b - 3*u + 38. List the prime factors of b.
3
Let x(m) be the second derivative of m**3 + 1/20*m**5 + 2*m**2 + 7/12*m**4 + m + 0. What are the prime factors of x(-6)?
2
Let l be (3 - 1)/((-6)/291). List the prime factors of l/(-4) + 9/(-36).
2, 3
Suppose -64 = -4*i + 8. Suppose -6*w = -0*w - i. List the prime factors of w.
3
Let a = -9 + 46. Let m = a + -5. What are the prime factors of m?
2
Suppose 0 = 4*m - 3 - 5, 0 = 2*z - m + 14. Let b(w) = w - 1. Let v be b(z). What are the prime factors of 4/6*(-1 - v)?
2
Suppose -3*t + l + 115 = 0, 0*t - 132 = -4*t - 4*l. List the prime factors of t.
37
Let r(k) be the second derivative of 0 + k**2 + 1/12*k**4 - 5/6*k**3 + k. List the prime factors of r(5).
2
Suppose 0 = -i + 5*r - 15, -1 = -2*i - 3*r + 8. Suppose z + 0*z - 32 = i. What are the prime factors of (-1 - z)/(-3)*1?
11
Let n = 90 - 59. List the prime factors of n.
31
Let p = -6 + 11. Suppose 5*h + t = 2*t + 179, -p*h + 181 = t. What are the prime factors of h?
2, 3
What are the prime factors of -2 - ((2 - 23) + 0)?
19
Suppose 2 = 2*m - 4. Let v(g) = -3*g - 3*g + m + g + 4*g. List the prime factors of v(0).
3
List the prime factors of (-1)/((-2)/62) - 4.
3
Let j(d) = d**3 + 3*d**2 + 2*d + 3. Let r be j(-2). Let x be 30/7*-1*-7. Suppose -r*b + x + 3 = 0. What are the prime factors of b?
11
Suppose -10 = 2*j - 7*j. Suppose 2*c + 20 = 3*k, 3*k + 12 = j*k - 4*c. Let r = 7 - k. List the prime factors of r.
3
What are the prime factors of 18 - ((-9 - -4) + 2)?
3, 7
Let y = -16 + 40. Suppose 0 = u + u + 2*o - 24, -3 = -4*u + 5*o. Let m = y - u. List the prime factors of m.
17
Suppose 3*x - 529 = 2*g - 0*g, 4*x - 698 = -g. List the prime factors of x.
5, 7
Let a(j) = j**3 + 5. Suppose 0 = -4*l + v + 5, -5*l + v - 15 = 4*v. List the prime factors of a(l).
5
Let d(y) = y**3 + 4*y**2 - 5*y. Let b be d(-5). Suppose m + 0*m = b. What are the prime factors of (-4 + -3)*(m - 1)?
7
Let z = 56 - 34. Suppose 5*o - z = -4*b + 26, 2*o - 8 = 0. What are the prime factors of b?
7
Let w = -81 + 140. List the prime factors of w.
59
What are the prime factors of ((-8)/5)/((-2)/5)?
2
Let k(a) = 10*a - 14. List the prime factors of k(6).
2, 23
Suppose -3*h - n - 11 - 14 = 0, 3*n + 12 = 0. Let m = h + 17. List the prime factors of m.
2, 5
Suppose 3*f - 5 = 1. Let c(o) = 2 - 2*o**2 + 3*o**f + 0*o + 3*o. What are the prime factors of c(-4)?
2, 3
Suppose 5*l - 61 = 4*l. List the prime factors of l.
61
Suppose 0 = -q - 0 + 5. Suppose -7*d = -2*d - 40. Suppose 68 = q*p + d. What are the prime factors of p?
2, 3
Let t = 22 + -17. List the prime factors of t.
5
Let v = 167 - -178. What are the prime factors of v?
3, 5, 23
Suppose -6*b + b + 40 = 0. What are the prime factors of b?
2
List the prime factors of -4*((-99)/12 + 2).
5
Suppose 4*a - 3*q = q - 148, 5*a + 182 = 4*q. Let b be (-48)/36*9/(-2). What are the prime factors of (a/b)/(3/(-9))?
17
Suppose -19 + 25 = 3*n. Suppose -n*v + 6*v - 96 = 0. What are the prime factors of v?
2, 3
Let x be ((-24)/30)/((-4)/610). What are the prime factors of ((-8)/16)/((-1)/x)?
61
Let d(j) be the second derivative of 0*j**2 - 2*j + 13/6*j**3 + 0. List the prime factors of d(1).
13
List the prime factors of (-2*(-137)/8)/(27/108).
137
Suppose 4*b = 3*r + 10 + 12, -3*b + 8 = 2*r. Let n be -3 - r*(-1)/1. Let c = n - -14. List the prime factors of c.
3
Let a(d) = -d**3 - 4*d**2 + 4*d - 3. Let q be a(-5). Let b be q/((-8)/(-6))*10. What are the prime factors of (-1)/(-5) - (-147)/b?
2, 5
Suppose 2*j - 1 = 5*r, 4*j - 5*r = 8 + 19. List the prime factors of j.
13
Let v be 2/((8/(-5))/(-4)). Suppose 196 = -2*j - 4*b, -486 = 4*j + v*b - 97. List the prime factors of j/(-10) + (-6)/(-15).
2, 5
Let o = -2 + 5. Let y = o + 6. List the prime factors of y.
3
Suppose 0*v + 4*d = -2*v + 12, -2*v + 3 = -5*d. Suppose v*b - 40 - 12 = 0. What are the prime factors of b?
13
Let k = 31 - 19. What are the prime factors of k*(0 - (-1 + 0))?
2, 3
Suppose 6*s + 154 = 3*s - 2*v, -182 = 3*s - 5*v. Let a = s - -75. List the prime factors of a.
3, 7
Suppose 4*o + 4*f - 72 = 0, -4*o + 8*o + 2*f = 66. Let i = 33 + -40. Let d = o + i. List the prime factors of d.
2
Let a(g) = -2*g - 2. Let z be a(4). Let h = z - -17. What are the prime factors of h?
7
Let p = -41 + 28. Suppose -5*j = -3*o - 67, -4*o + 3*j = o + 101. Let z = p - o. What are the prime factors of z?
2, 3
Let g(z) = 4*z - 2. Let j(f) = 3*f - 1. Suppose 4 + 8 = -4*w. Let d(y) = w*j(y) + 2*g(y). List the prime factors of d(-8).
7
Suppose -o = 3*c - 329, -2*c + 3*o = c - 345. List the prime factors of c.
3, 37
Let v = -46 + 67. List the prime factors of v.
3, 7
Suppose 0 = -4*j - 58 - 30. Let y be j/(-6) + (-2)/(-6). Let i(q) = q**3 - 2*q**2 - 5*q. List the prime fact